{"id":5939,"date":"2025-10-16T18:59:46","date_gmt":"2025-10-16T18:59:46","guid":{"rendered":"https:\/\/www.sieglindemetzler.eu\/?page_id=5939"},"modified":"2025-10-16T19:10:18","modified_gmt":"2025-10-16T19:10:18","slug":"ausstellung-berlin-04-2025-3","status":"publish","type":"page","link":"https:\/\/www.sieglindemetzler.eu\/en\/ausstellung-berlin-04-2025-3\/","title":{"rendered":"Ausstellung Berlin 04-2025"},"content":{"rendered":"<p><img loading=\"lazy\" decoding=\"async\" class=\"alignnone size-medium wp-image-5956\" src=\"https:\/\/www.sieglindemetzler.eu\/wp-content\/uploads\/Ausstellung-u.-int.-wettbewerb-Berlin-04.25-212x300.jpg\" alt=\"\" width=\"212\" height=\"300\" \/><img loading=\"lazy\" decoding=\"async\" class=\"alignnone size-medium wp-image-5940\" src=\"https:\/\/www.sieglindemetzler.eu\/wp-content\/uploads\/Bild-Einstein-und-ich-212x300.jpg\" alt=\"\" width=\"212\" height=\"300\" \/><\/p>","protected":false},"excerpt":{"rendered":"","protected":false},"author":8,"featured_media":5293,"parent":0,"menu_order":0,"comment_status":"closed","ping_status":"closed","template":"","meta":{"pgc_meta":"","_et_pb_use_builder":"","_et_pb_old_content":"","_et_gb_content_width":"","footnotes":""},"pgc_meta":"","yoast_head":"<!-- This site is optimized with the Yoast SEO plugin v21.4 - https:\/\/yoast.com\/wordpress\/plugins\/seo\/ -->\n<title>Ausstellung Berlin 04-2025 - Sieglinde Metzler<\/title>\n<meta name=\"robots\" content=\"index, follow, max-snippet:-1, max-image-preview:large, max-video-preview:-1\" \/>\n<link rel=\"canonical\" href=\"https:\/\/www.sieglindemetzler.eu\/en\/ausstellung-berlin-04-2025-3\/\" \/>\n<meta property=\"og:locale\" content=\"en_GB\" \/>\n<meta property=\"og:type\" content=\"article\" \/>\n<meta property=\"og:title\" content=\"Ausstellung Berlin 04-2025 - Sieglinde Metzler\" \/>\n<meta property=\"og:url\" content=\"https:\/\/www.sieglindemetzler.eu\/en\/ausstellung-berlin-04-2025-3\/\" \/>\n<meta property=\"og:site_name\" content=\"Sieglinde Metzler\" \/>\n<meta property=\"article:publisher\" content=\"https:\/\/www.facebook.com\/sieglinde.metzler\" \/>\n<meta property=\"article:modified_time\" content=\"2025-10-16T19:10:18+00:00\" \/>\n<meta property=\"og:image\" content=\"https:\/\/www.sieglindemetzler.eu\/wp-content\/uploads\/Ausstellung-u.-int.-wettbewerb-Berlin-04.25-212x300.jpg\" \/>\n<meta name=\"twitter:card\" content=\"summary_large_image\" \/>\n<meta name=\"twitter:label1\" content=\"Estimated reading time\" \/>\n\t<meta name=\"twitter:data1\" content=\"1 minute\" \/>\n<script type=\"application\/ld+json\" class=\"yoast-schema-graph\">{\"@context\":\"https:\/\/schema.org\",\"@graph\":[{\"@type\":\"WebPage\",\"@id\":\"https:\/\/www.sieglindemetzler.eu\/ausstellung-berlin-04-2025-3\/\",\"url\":\"https:\/\/www.sieglindemetzler.eu\/ausstellung-berlin-04-2025-3\/\",\"name\":\"Ausstellung Berlin 04-2025 - Sieglinde Metzler\",\"isPartOf\":{\"@id\":\"https:\/\/www.sieglindemetzler.eu\/#website\"},\"datePublished\":\"2025-10-16T18:59:46+00:00\",\"dateModified\":\"2025-10-16T19:10:18+00:00\",\"breadcrumb\":{\"@id\":\"https:\/\/www.sieglindemetzler.eu\/ausstellung-berlin-04-2025-3\/#breadcrumb\"},\"inLanguage\":\"en-GB\",\"potentialAction\":[{\"@type\":\"ReadAction\",\"target\":[\"https:\/\/www.sieglindemetzler.eu\/ausstellung-berlin-04-2025-3\/\"]}]},{\"@type\":\"BreadcrumbList\",\"@id\":\"https:\/\/www.sieglindemetzler.eu\/ausstellung-berlin-04-2025-3\/#breadcrumb\",\"itemListElement\":[{\"@type\":\"ListItem\",\"position\":1,\"name\":\"Home\",\"item\":\"https:\/\/www.sieglindemetzler.eu\/\"},{\"@type\":\"ListItem\",\"position\":2,\"name\":\"Ausstellung Berlin 04-2025\"}]},{\"@type\":\"WebSite\",\"@id\":\"https:\/\/www.sieglindemetzler.eu\/#website\",\"url\":\"https:\/\/www.sieglindemetzler.eu\/\",\"name\":\"Sieglinde Metzler - zeitgen\u00f6ssische K\u00fcnstlerin\",\"description\":\"zeitgen\u00f6ssische K\u00fcnstlerin\",\"publisher\":{\"@id\":\"https:\/\/www.sieglindemetzler.eu\/#\/schema\/person\/25d93e22d3b49f2f9d118f6341201a65\"},\"alternateName\":\"K\u00fcnstler-Website der Sieglinde Metzler\",\"potentialAction\":[{\"@type\":\"SearchAction\",\"target\":{\"@type\":\"EntryPoint\",\"urlTemplate\":\"https:\/\/www.sieglindemetzler.eu\/?s={search_term_string}\"},\"query-input\":\"required name=search_term_string\"}],\"inLanguage\":\"en-GB\"},{\"@type\":[\"Person\",\"Organization\"],\"@id\":\"https:\/\/www.sieglindemetzler.eu\/#\/schema\/person\/25d93e22d3b49f2f9d118f6341201a65\",\"name\":\"Sieglinde Metzler\",\"image\":{\"@type\":\"ImageObject\",\"inLanguage\":\"en-GB\",\"@id\":\"https:\/\/www.sieglindemetzler.eu\/#\/schema\/person\/image\/\",\"url\":\"https:\/\/www.sieglindemetzler.eu\/wp-content\/uploads\/Sieglinde-Metzler-logo.png\",\"contentUrl\":\"https:\/\/www.sieglindemetzler.eu\/wp-content\/uploads\/Sieglinde-Metzler-logo.png\",\"width\":1438,\"height\":254,\"caption\":\"Sieglinde Metzler\"},\"logo\":{\"@id\":\"https:\/\/www.sieglindemetzler.eu\/#\/schema\/person\/image\/\"},\"sameAs\":[\"https:\/\/www.sieglindemetzler.eu\",\"https:\/\/www.facebook.com\/sieglinde.metzler\",\"https:\/\/www.instagram.com\/sieglinde1958\/\"]}]}<\/script>\n<!-- \/ Yoast SEO plugin. -->","yoast_head_json":{"title":"Ausstellung Berlin 04-2025 - Sieglinde Metzler","robots":{"index":"index","follow":"follow","max-snippet":"max-snippet:-1","max-image-preview":"max-image-preview:large","max-video-preview":"max-video-preview:-1"},"canonical":"https:\/\/www.sieglindemetzler.eu\/en\/ausstellung-berlin-04-2025-3\/","og_locale":"en_GB","og_type":"article","og_title":"Ausstellung Berlin 04-2025 - Sieglinde Metzler","og_url":"https:\/\/www.sieglindemetzler.eu\/en\/ausstellung-berlin-04-2025-3\/","og_site_name":"Sieglinde Metzler","article_publisher":"https:\/\/www.facebook.com\/sieglinde.metzler","article_modified_time":"2025-10-16T19:10:18+00:00","og_image":[{"url":"https:\/\/www.sieglindemetzler.eu\/wp-content\/uploads\/Ausstellung-u.-int.-wettbewerb-Berlin-04.25-212x300.jpg"}],"twitter_card":"summary_large_image","twitter_misc":{"Estimated reading time":"1 minute"},"schema":{"@context":"https:\/\/schema.org","@graph":[{"@type":"WebPage","@id":"https:\/\/www.sieglindemetzler.eu\/ausstellung-berlin-04-2025-3\/","url":"https:\/\/www.sieglindemetzler.eu\/ausstellung-berlin-04-2025-3\/","name":"Ausstellung Berlin 04-2025 - Sieglinde Metzler","isPartOf":{"@id":"https:\/\/www.sieglindemetzler.eu\/#website"},"datePublished":"2025-10-16T18:59:46+00:00","dateModified":"2025-10-16T19:10:18+00:00","breadcrumb":{"@id":"https:\/\/www.sieglindemetzler.eu\/ausstellung-berlin-04-2025-3\/#breadcrumb"},"inLanguage":"en-GB","potentialAction":[{"@type":"ReadAction","target":["https:\/\/www.sieglindemetzler.eu\/ausstellung-berlin-04-2025-3\/"]}]},{"@type":"BreadcrumbList","@id":"https:\/\/www.sieglindemetzler.eu\/ausstellung-berlin-04-2025-3\/#breadcrumb","itemListElement":[{"@type":"ListItem","position":1,"name":"Home","item":"https:\/\/www.sieglindemetzler.eu\/"},{"@type":"ListItem","position":2,"name":"Ausstellung Berlin 04-2025"}]},{"@type":"WebSite","@id":"https:\/\/www.sieglindemetzler.eu\/#website","url":"https:\/\/www.sieglindemetzler.eu\/","name":"Sieglinde Metzler - zeitgen\u00f6ssische K\u00fcnstlerin","description":"zeitgen\u00f6ssische K\u00fcnstlerin","publisher":{"@id":"https:\/\/www.sieglindemetzler.eu\/#\/schema\/person\/25d93e22d3b49f2f9d118f6341201a65"},"alternateName":"K\u00fcnstler-Website der Sieglinde Metzler","potentialAction":[{"@type":"SearchAction","target":{"@type":"EntryPoint","urlTemplate":"https:\/\/www.sieglindemetzler.eu\/?s={search_term_string}"},"query-input":"required name=search_term_string"}],"inLanguage":"en-GB"},{"@type":["Person","Organization"],"@id":"https:\/\/www.sieglindemetzler.eu\/#\/schema\/person\/25d93e22d3b49f2f9d118f6341201a65","name":"Sieglinde Metzler","image":{"@type":"ImageObject","inLanguage":"en-GB","@id":"https:\/\/www.sieglindemetzler.eu\/#\/schema\/person\/image\/","url":"https:\/\/www.sieglindemetzler.eu\/wp-content\/uploads\/Sieglinde-Metzler-logo.png","contentUrl":"https:\/\/www.sieglindemetzler.eu\/wp-content\/uploads\/Sieglinde-Metzler-logo.png","width":1438,"height":254,"caption":"Sieglinde Metzler"},"logo":{"@id":"https:\/\/www.sieglindemetzler.eu\/#\/schema\/person\/image\/"},"sameAs":["https:\/\/www.sieglindemetzler.eu","https:\/\/www.facebook.com\/sieglinde.metzler","https:\/\/www.instagram.com\/sieglinde1958\/"]}]}},"_links":{"self":[{"href":"https:\/\/www.sieglindemetzler.eu\/en\/wp-json\/wp\/v2\/pages\/5939"}],"collection":[{"href":"https:\/\/www.sieglindemetzler.eu\/en\/wp-json\/wp\/v2\/pages"}],"about":[{"href":"https:\/\/www.sieglindemetzler.eu\/en\/wp-json\/wp\/v2\/types\/page"}],"author":[{"embeddable":true,"href":"https:\/\/www.sieglindemetzler.eu\/en\/wp-json\/wp\/v2\/users\/8"}],"replies":[{"embeddable":true,"href":"https:\/\/www.sieglindemetzler.eu\/en\/wp-json\/wp\/v2\/comments?post=5939"}],"version-history":[{"count":2,"href":"https:\/\/www.sieglindemetzler.eu\/en\/wp-json\/wp\/v2\/pages\/5939\/revisions"}],"predecessor-version":[{"id":5957,"href":"https:\/\/www.sieglindemetzler.eu\/en\/wp-json\/wp\/v2\/pages\/5939\/revisions\/5957"}],"wp:featuredmedia":[{"embeddable":true,"href":"https:\/\/www.sieglindemetzler.eu\/en\/wp-json\/wp\/v2\/media\/5293"}],"wp:attachment":[{"href":"https:\/\/www.sieglindemetzler.eu\/en\/wp-json\/wp\/v2\/media?parent=5939"}],"curies":[{"name":"wp","href":"https:\/\/api.w.org\/{rel}","templated":true}]}}

<!-- This site is optimized with the Yoast SEO plugin v21.4 - https://yoast.com/wordpress/plugins/seo/ -->
<title>Ausstellung Berlin 04-2025 - Sieglinde Metzler</title>
<meta name="robots" content="index, follow, max-snippet:-1, max-image-preview:large, max-video-preview:-1" />
<link rel="canonical" href="https://www.sieglindemetzler.eu/en/ausstellung-berlin-04-2025-3/" />
<meta property="og:locale" content="en_GB" />
<meta property="og:type" content="article" />
<meta property="og:title" content="Ausstellung Berlin 04-2025 - Sieglinde Metzler" />
<meta property="og:url" content="https://www.sieglindemetzler.eu/en/ausstellung-berlin-04-2025-3/" />
<meta property="og:site_name" content="Sieglinde Metzler" />
<meta property="article:publisher" content="https://www.facebook.com/sieglinde.metzler" />
<meta property="article:modified_time" content="2025-10-16T19:10:18+00:00" />
<meta property="og:image" content="https://www.sieglindemetzler.eu/wp-content/uploads/Ausstellung-u.-int.-wettbewerb-Berlin-04.25-212x300.jpg" />
<meta name="twitter:card" content="summary_large_image" />
<meta name="twitter:label1" content="Estimated reading time" />
	<meta name="twitter:data1" content="1 minute" />
<script type="application/ld+json" class="yoast-schema-graph">{"@context":"https://schema.org","@graph":[{"@type":"WebPage","@id":"https://www.sieglindemetzler.eu/ausstellung-berlin-04-2025-3/","url":"https://www.sieglindemetzler.eu/ausstellung-berlin-04-2025-3/","name":"Ausstellung Berlin 04-2025 - Sieglinde Metzler","isPartOf":{"@id":"https://www.sieglindemetzler.eu/#website"},"datePublished":"2025-10-16T18:59:46+00:00","dateModified":"2025-10-16T19:10:18+00:00","breadcrumb":{"@id":"https://www.sieglindemetzler.eu/ausstellung-berlin-04-2025-3/#breadcrumb"},"inLanguage":"en-GB","potentialAction":[{"@type":"ReadAction","target":["https://www.sieglindemetzler.eu/ausstellung-berlin-04-2025-3/"]}]},{"@type":"BreadcrumbList","@id":"https://www.sieglindemetzler.eu/ausstellung-berlin-04-2025-3/#breadcrumb","itemListElement":[{"@type":"ListItem","position":1,"name":"Home","item":"https://www.sieglindemetzler.eu/"},{"@type":"ListItem","position":2,"name":"Ausstellung Berlin 04-2025"}]},{"@type":"WebSite","@id":"https://www.sieglindemetzler.eu/#website","url":"https://www.sieglindemetzler.eu/","name":"Sieglinde Metzler - zeitgenössische Künstlerin","description":"zeitgenössische Künstlerin","publisher":{"@id":"https://www.sieglindemetzler.eu/#/schema/person/25d93e22d3b49f2f9d118f6341201a65"},"alternateName":"Künstler-Website der Sieglinde Metzler","potentialAction":[{"@type":"SearchAction","target":{"@type":"EntryPoint","urlTemplate":"https://www.sieglindemetzler.eu/?s={search_term_string}"},"query-input":"required name=search_term_string"}],"inLanguage":"en-GB"},{"@type":["Person","Organization"],"@id":"https://www.sieglindemetzler.eu/#/schema/person/25d93e22d3b49f2f9d118f6341201a65","name":"Sieglinde Metzler","image":{"@type":"ImageObject","inLanguage":"en-GB","@id":"https://www.sieglindemetzler.eu/#/schema/person/image/","url":"https://www.sieglindemetzler.eu/wp-content/uploads/Sieglinde-Metzler-logo.png","contentUrl":"https://www.sieglindemetzler.eu/wp-content/uploads/Sieglinde-Metzler-logo.png","width":1438,"height":254,"caption":"Sieglinde Metzler"},"logo":{"@id":"https://www.sieglindemetzler.eu/#/schema/person/image/"},"sameAs":["https://www.sieglindemetzler.eu","https://www.facebook.com/sieglinde.metzler","https://www.instagram.com/sieglinde1958/"]}]}</script>
<!-- / Yoast SEO plugin. -->

Sieglinde Metzler - zeitgenössische Künstlerin

zeitgenössische Künstlerin

Künstler-Website der Sieglinde Metzler
